457
List the prime factors of 6255.
3, 5, 139
List the prime factors of 480.
2, 3, 5
List the prime factors of 22594.
2, 11, 13, 79
List the prime factors of 1084.
2, 271
List the prime factors of 9466.
2, 4733
What are the prime factors of 1827?
3, 7, 29
List the prime factors of 19608.
2, 3, 19, 43
What are the prime factors of 1899?
3, 211
List the prime factors of 48106.
2, 67, 359
List the prime factors of 1114.
2, 557
List the prime factors of 9049.
9049
What are the prime factors of 51?
3, 17
List the prime factors of 28746.
2, 3, 1597
What are the prime factors of 2255?
5, 11, 41
List the prime factors of 3063.
3, 1021
List the prime factors of 660.
2, 3, 5, 11
What are the prime factors of 3493?
7, 499
What are the prime factors of 19588?
2, 59, 83
What are the prime factors of 7884?
2, 3, 73
List the prime factors of 7506.
2, 3, 139
List the prime factors of 12333.
3, 4111
List the prime factors of 15349.
15349
What are the prime factors of 6175?
5, 13, 19
List the prime factors of 216.
2, 3
What are the prime factors of 6915?
3, 5, 461
List the prime factors of 11617.
11617
What are the prime factors of 54611?
97, 563
What are the prime factors of 1196?
2, 13, 23
What are the prime factors of 49999?
49999
What are the prime factors of 18542?
2, 73, 127
List the prime factors of 129.
3, 43
What are the prime factors of 8658?
2, 3, 13, 37
List the prime factors of 4461.
3, 1487
List the prime factors of 424.
2, 53
What are the prime factors of 161?
7, 23
List the prime factors of 2158.
2, 13, 83
What are the prime factors of 14913?
3, 1657
What are the prime factors of 35726?
2, 17863
What are the prime factors of 1192?
2, 149
List the prime factors of 3922.
2, 37, 53
What are the prime factors of 1221?
3, 11, 37
List the prime factors of 373.
373
What are the prime factors of 1220?
2, 5, 61
What are the prime factors of 8?
2
List the prime factors of 9674.
2, 7, 691
What are the prime factors of 46278?
2, 3, 857
List the prime factors of 2215.
5, 443
List the prime factors of 17318.
2, 7, 1237
What are the prime factors of 1525?
5, 61
What are the prime factors of 1929?
3, 643
What are the prime factors of 1764?
2, 3, 7
List the prime factors of 25176.
2, 3, 1049
List the prime factors of 494.
2, 13, 19
What are the prime factors of 10388?
2, 7, 53
What are the prime factors of 4392?
2, 3, 61
What are the prime factors of 16?
2
What are the prime factors of 1172?
2, 293
List the prime factors of 6766.
2, 17, 199
List the prime factors of 2570.
2, 5, 257
What are the prime factors of 5876?
2, 13, 113
What are the prime factors of 18735?
3, 5, 1249
What are the prime factors of 34421?
34421
List the prime factors of 11087.
11087
List the prime factors of 10223.
10223
What are the prime factors of 89873?
7, 37, 347
List the prime factors of 1095.
3, 5, 73
List the prime factors of 2446.
2, 1223
What are the prime factors of 2840?
2, 5, 71
List the prime factors of 8638.
2, 7, 617
What are the prime factors of 930?
2, 3, 5, 31
List the prime factors of 15227.
15227
List the prime factors of 121773.
3, 40591
List the prime factors of 23112.
2, 3, 107
What are the prime factors of 779?
19, 41
List the prime factors of 89533.
89533
List the prime factors of 9251.
11, 29
List the prime factors of 4248.
2, 3, 59
List the prime factors of 849.
3, 283
List the prime factors of 7798.
2, 7, 557
What are the prime factors of 280?
2, 5, 7
What are the prime factors of 14048?
2, 439
What are the prime factors of 2020?
2, 5, 101
List the prime factors of 20532.
2, 3, 29, 59
What are the prime factors of 8085?
3, 5, 7, 11
List the prime factors of 39464.
2, 4933
What are the prime factors of 988?
2, 13, 19
List the prime factors of 3012.
2, 3, 251
What are the prime factors of 302?
2, 151
List the prime factors of 7240.
2, 5, 181
What are the prime factors of 2174?
2, 1087
What are the prime factors of 3658?
2, 31, 59
List the prime factors of 3064.
2, 383
What are the prime factors of 73295?
5, 107, 137
List the prime factors of 13296.
2, 3, 277
What are the prime factors of 501?
3, 167
List the prime factors of 4766.
2, 2383
List the prime factors of 3923.
3923
List the prime factors of 16262.
2, 47, 173
List the prime factors of 1623.
3, 541
What are the prime factors of 1683?
3, 11, 17
List the prime factors of 216.
2, 3
List the prime factors of 1546.
2, 773
List the prime factors of 20639.
20639
List the prime factors of 6550.
2, 5, 131
What are the prime factors of 2641?
19, 139
What are the prime factors of 29545?
5, 19, 311
What are the prime factors of 7488?
2, 3, 13
List the prime factors of 19508.
2, 4877
List the prime factors of 2621.
2621
What are the prime factors of 27767?
27767
What are the prime factors of 5717?
5717
What are the prime factors of 6582?
2, 3, 1097
List the prime factors of 904.
2, 113
What are the prime factors of 1635?
3, 5, 109
What are the prime factors of 8701?
7, 11, 113
List the prime factors of 984.
2, 3, 41
What are the prime factors of 2322?
2, 3, 43
List the prime factors of 702.
2, 3, 13
What are the prime factors of 2986?
2, 1493
What are the prime factors of 80?
2, 5
What are the prime factors of 117344?
2, 19, 193
What are the prime factors of 16270?
2, 5, 1627
What are the prime factors of 8635?
5, 11, 157
List the prime factors of 38698.
2, 11, 1759
List the prime factors of 14765.
5, 2953
What are the prime factors of 1031?
1031
List the prime factors of 42578.
2, 61, 349
What are the prime factors of 66268?
2, 16567
What are the prime factors of 73300?
2, 5, 733
List the prime factors of 37.
37
What are the prime factors of 43470?
2, 3, 5, 7, 23
List the prime factors of 44766.
2, 3, 829
What are the prime factors of 22577?
107, 211
What are the prime factors of 130095?
3, 5, 7, 59
What are the prime factors of 14021?
7, 2003
List the prime factors of 23554.
2, 11777
What are the prime factors of 3281?
17, 193
List the prime factors of 4628.
2, 13, 89
What are the prime factors of 52966?
2, 71, 373
What are the prime factors of 50989?
50989
List the prime factors of 56402.
2, 28201
What are the prime factors of 2697?
3, 29, 31
List the prime factors of 27088.
2, 1693
What are the prime factors of 16686?
2, 3, 103
List the prime factors of 8514.
2, 3, 11, 43
What are the prime factors of 10499?
10499
List the prime factors of 13949.
13, 29, 37
What are the prime factors of 260?
2, 5, 13
List the prime factors of 30866.
2, 11, 23, 61
List the prime factors of 10334.
2, 5167
What are the prime factors of 47716?
2, 79, 151
What are the prime factors of 1045?
5, 11, 19
What are the prime factors of 5128?
2, 641
What are the prime factors of 2702?
2, 7, 193
List the prime factors of 649.
11, 59
List the prime factors of 10656.
2, 3, 37
List the prime factors of 2048.
2
List the prime factors of 86270.
2, 5, 8627
List the prime factors of 472.
2, 59
List the prime factors of 4880.
2, 5, 61
List the prime factors of 32087.
11, 2917
List the prime factors of 91201.
11, 8291
What are the prime factors of 11865?
3, 5, 7, 113
What are the prime factors of 1156?
2, 17
List the prime factors of 46758.
2, 3, 7793
What are the prime factors of 2767?
2767
What are the prime factors of 70833?
3, 7, 3373
List the prime factors of 7397.
13, 569
What are the prime factors of 636?
2, 3, 53
List the prime factors of 20501.
13, 19, 83
What are the prime factors of 4345?
5, 11, 79
What are the prime factors of 394?
2, 197
What are the prime factors of 134209?
103, 1303
List the prime factors of 7694.
2, 3847
List the prime factors of 24490.
2, 5, 31, 79
List the prime factors of 35837.
35837
List the prime factors of 18663.
3, 6221
What are the prime factors of 21091?
7, 23, 131
What are the prime factors of 783?
3, 29
What are the prime factors of 1581?
3, 17, 31
What are the prime factors of 27678?
2, 3, 7, 659
What are the prime factors of 1618?
2, 809
What are the prime factors of 17365?
5, 23, 151
What are the prime factors of 31294?
2, 15647
What are the prime factors of 117?
3, 13
What are the prime factors of 1188?
2, 3, 11
What are the prime factors of 80277?
3, 26759
List the prime factors of 52528.
2, 7, 67
List the prime factors of 3797.
3797
What are the prime factors of 10626?
2, 3, 7, 11, 23
List the pri